Let r be s(-2). Calculate the highest common factor of r and 6.
6
Suppose 5*q - 423 = -s, 69 = 5*q - 3*s - 342. What is the greatest common factor of 21 and q?
21
Suppose 4*t - 2*p - 606 = 0, 0 = 3*t - 0*t - 3*p - 459. Let u be (-8)/(-10)*t/(-12). Let v = 14 + u. What is the greatest common divisor of v and 10?
2
Let a = 4 - -14. Suppose 4*l - 58 = -a. What is the highest common divisor of 10 and l?
10
Suppose 22*v + 100 = 23*v. What is the greatest common factor of 25 and v?
25
Suppose 6*m - 94 = 74. What is the highest common divisor of m and 21?
7
Suppose -8*x = -43 - 45. Calculate the greatest common divisor of x and 55.
11
Let o be (12/5)/((-38)/(-285)). Calculate the greatest common divisor of o and 72.
18
Suppose 0 = -0*s + 3*s + 12. Let v be (2/s)/(2/(-8)). Calculate the highest common factor of 5 and v.
1
Let p = 82 - 79. What is the highest common divisor of p and 1?
1
Let m(h) be the second derivative of h**3/6 + 5*h**2/2 - h. Let b be m(6). What is the highest common divisor of b and 11?
11
Let f(b) = -5*b**3 + 6*b**2 - 2*b + 5. Let u be f(5). Let x = u - -1071. Suppose -5*o - 151 + x = 0. What is the highest common factor of 8 and o?
8
Let w(u) = u - 3. Let h be w(6). Suppose 0 = 30*p - 20*p - 270. What is the highest common divisor of h and p?
3
Let x(b) = -b**3 - 11*b**2 - b - 6. Let t be x(-11). Suppose -4*u + 61 = -5*y + 5, -t*y - 11 = u. What is the highest common divisor of 63 and u?
9
Suppose -5*v - 2*l - 21 = -4, -2*v - 3*l = -2. Let w be (v/(-2) - 3)*-30. Let z be (-6)/2*(-1100)/w. Calculate the greatest common factor of z and 22.
22
Suppose -2*l = 3*l - 15. Let d be 50/4 - 1/2. What is the highest common factor of d and l?
3
Let d be (-21)/(-9) + (-4)/(-6). Let g(b) = -b**3 - 5*b**2 - 5*b - 2. Let r be g(-4). Suppose d*t = -r*t + 35. What is the highest common factor of t and 7?
7
Suppose -3 - 1 = 4*v. Let m be -1*(-5 - -2) - v. Suppose -m*a + 7 = -57. What is the highest common divisor of 16 and a?
16
Suppose -2*r + 64 = -14. What is the highest common factor of 13 and r?
13
Suppose y + 3*g = 5*y - 77, -y = 5*g - 2. Let v(u) = 0*u**2 - 2*u + 1 + y*u**2 - 4*u**2. Let r be v(1). Calculate the highest common factor of 12 and r.
12
Let o = 63 - 11. What is the highest common factor of 13 and o?
13
Let r(j) = j**3 + 16*j**2 - 19*j - 24. Let i be r(-17). Calculate the greatest common divisor of 25 and i.
5
Let v(z) = 4*z**2 - z + 1. Let d be v(1). Suppose -n + 40 = -5*x, d*n - 70 = n + 5*x. What is the greatest common divisor of 105 and n?
15
Suppose -4*a = 3 - 11. Let w = a - -2. Calculate the greatest common factor of w and 10.
2
Suppose -14*j = -j - 2028. What is the highest common divisor of 12 and j?
12
Suppose 0*z = 3*z + 225. Let j = -40 - z. What is the greatest common divisor of j and 7?
7
Let y(o) = -9*o + 0*o - 5 + 6. Let w be y(-1). Let t be (2 - -6)*10/4. Calculate the highest common divisor of t and w.
10
Let d(j) = j**2 + 4*j - 1. Let a be d(3). What is the greatest common factor of a and 8?
4
Suppose 9*f - 32 = 7*f. Calculate the greatest common factor of 128 and f.
16
Let k(d) = 21*d + 14. Let i be k(5). Calculate the highest common divisor of 17 and i.
17
Suppose 56 = -2*j - 2*j. Let o be (-4)/(((-10)/(-4))/5). Let p = o - j. Calculate the highest common divisor of p and 6.
6
Let m = -7 + 2. Let u = m + 7. Suppose -66 = -u*i + 94. What is the greatest common divisor of i and 10?
10
Let u be 0 - (-451)/(2 + -3). Let i = -247 - u. Let q = 294 - i. Calculate the highest common factor of q and 36.
18
Suppose 5*d + x = 25, d - 5 = 5*x - x. Suppose 5*l - 2*w = 2*w + 48, d*l + 5*w = 30. What is the greatest common divisor of 8 and l?
8
Let j(l) = 70*l + 1. Let z be j(1). Suppose -5*n - 3*c + 206 = 15, 2*n + 3*c = z. Calculate the highest common factor of n and 4.
4
Let m = -10 - 31. Let q(o) = o**3 + 7*o**2 - 6*o + 5. Let y be q(-6). Let k = m + y. What is the greatest common divisor of 9 and k?
9
Let f(m) = -2*m + 1. Let w be f(-10). Calculate the greatest common factor of w and 7.
7
Let h = 77 - 29. What is the highest common divisor of h and 32?
16
Let p(u) = u**2 - 3*u - 5. Let k = -1 + 5. Let y be p(k). Let h be (3/2 + y)*96. Calculate the greatest common divisor of h and 6.
6
Suppose 3*q - 633 = -3*v, -2*v - 787 + 129 = -3*q. Let u be 8/((15/9)/5). What is the highest common factor of q and u?
24
Suppose -18 = -s - 3*u, 5 + 1 = s - u. Calculate the greatest common divisor of s and 99.
9
Let c(w) = 56*w**2. Let b be c(2). Let i = b + -105. Let q be (-4 - -3)*1 + 18. Calculate the highest common divisor of q and i.
17
Suppose 245 - 1414 = -5*a + r, 935 = 4*a - r. What is the highest common factor of 26 and a?
26
Let l(b) = 3*b - 4. Let z be l(3). Let g be (14 + 1)*4/z. Let j = 9 - 6. What is the highest common divisor of g and j?
3
Let c be ((-20)/(-125))/(6/(-15))*-25. Let v = 32 + 38. What is the greatest common divisor of c and v?
10
Let u be 980/30 + 4/(-6) + 0. What is the greatest common factor of u and 16?
16
Let n(h) = 2*h**2 + 33*h + 20. Let q be n(-17). What is the highest common divisor of q and 185?
37
Suppose 363 = 20*j - 17*j. Suppose l + 3*l - 44 = 0. What is the greatest common factor of j and l?
11
Suppose -6*u - 7*u = -624. Calculate the highest common divisor of u and 32.
16
Suppose 2*r - 170 = -0*r - 5*n, 94 = r - 2*n. Calculate the highest common divisor of 60 and r.
30
Let b be 162/8 - -2*2/(-16). Let o(l) = 2*l**3 - 5*l**2 + 2*l - 6. Let a be o(4). Calculate the greatest common factor of b and a.
10
Let a = 30 - 12. Calculate the greatest common divisor of a and 36.
18
Let p be ((-2)/4)/((-1)/18). Let l = 304 + -295. Calculate the highest common factor of p and l.
9
Let o(k) = -k**3 - 2*k - 14. Let d be o(-5). Calculate the greatest common divisor of 11 and d.
11
Let r be (-6)/(-4)*(-80)/(-15). Suppose 0 = -j + 5*f + r, -3*j + 16 = 2*f - 25. Calculate the highest common factor of j and 91.
13
Suppose v + 21 = 3*k, 4*v + 0*k + 84 = 5*k. Let a = -9 - v. Calculate the highest common factor of a and 8.
4
Let u = 2 - 4. Let r(p) = 3*p**2 - 4*p - 9. Let n be r(-9). Let g be (u/(-5))/(6/n). What is the highest common divisor of 12 and g?
6
Suppose 3*o + 16 = 7*o. Suppose -n - 108 = -6*n - z, -o*z = 2*n - 36. Calculate the greatest common factor of n and 55.
11
Let p(n) = -2*n - 4. Let r be p(-3). Suppose -5 = -9*w + 4*w. Let m = w + 7. Calculate the highest common divisor of r and m.
2
Suppose -b + 3*b = 26. Let j = -9 + b. Suppose -j*g = -3 - 45. Calculate the highest common factor of 12 and g.
12
Let q(j) = j**2 - 3*j + 6. Let u = -8 - -14. Let s be q(u). What is the greatest common factor of s and 6?
6
Let f = 55 - 32. Let a = f + -13. Let y(d) = -3*d - 19. Let o be y(-7). Calculate the highest common divisor of a and o.
2
Let b be 5*5*(8/5)/2. Calculate the greatest common divisor of 50 and b.
10
Let l(w) = -8 + 25*w - 32*w - 2*w**2 + w**2. Let s be l(-4). What is the highest common divisor of 20 and s?
4
Let p = -4 + 5. Let u be (4 + -3)/(0 + p). Let c be (22 + -6)/(2/u). What is the greatest common factor of c and 88?
8
Let x be (5/((-5)/(-8)))/1. What is the greatest common factor of 104 and x?
8
Let v = -10 - -17. Suppose -4*w = -5*o - 24, -2*o - v = 1. What is the greatest common divisor of w and 11?
1
Let a be 1/7*-18*-21. What is the greatest common factor of a and 18?
18
Let v = 21 - -56. What is the highest common divisor of 11 and v?
11
Suppose 3*x = -4*p - 26, -4*p - 3*x + x - 24 = 0. Let s(m) = -4*m - 2. Let a be s(p). Calculate the greatest common factor of 6 and a.
6
Suppose 0*n + 3*n = 0. Suppose n = 3*x + x - 8. Suppose 2*c - 2 = 4*p, 4*c = -x*p - c + 29. What is the highest common divisor of 14 and p?
2
Suppose 1 = 4*v - 3*w - 50, 0 = -5*v + 2*w + 55. Suppose -v = 5*s - 89. What is the highest common divisor of s and 112?
16
Let f be 31 - 0*(-3)/6*2. Calculate the greatest common divisor of 93 and f.
31
Let k = 9 + -8. Suppose k = 5*r - 4. What is the highest common divisor of r and 1?
1
Suppose -61 = -5*t - 2*v, -3*v - 60 + 14 = -5*t. Calculate the greatest common factor of 1 and t.
1
Suppose 2*i = 4*i - 112. Calculate the highest common divisor of 7 and i.
7
Suppose 0 = 5*a - 3 - 12. Suppose 0 = 2*p - a - 57. What is the greatest common factor of p and 20?
10
Let w = 